 27127
What are the prime factors of 1227013?
109, 11257
What are the prime factors of 132926?
2, 66463
What are the prime factors of 27794143?
13, 23, 92957
List the prime factors of 1298098.
2, 29, 22381
What are the prime factors of 7708302?
2, 3, 7, 131, 467
What are the prime factors of 25896731?
7, 3699533
List the prime factors of 616582.
2, 308291
List the prime factors of 159211.
13, 37, 331
What are the prime factors of 3750154?
2, 1875077
List the prime factors of 3547254.
2, 3, 17, 83, 419
List the prime factors of 5495427.
3, 7, 19, 4591
What are the prime factors of 38004?
2, 3, 3167
List the prime factors of 39123764.
2, 101, 113, 857
What are the prime factors of 96722?
2, 137, 353
List the prime factors of 627436.
2, 17, 9227
What are the prime factors of 109287?
3, 12143
What are the prime factors of 229838?
2, 7, 16417
List the prime factors of 103659.
3, 109, 317
What are the prime factors of 102674?
2, 11, 13, 359
What are the prime factors of 8713934?
2, 4356967
What are the prime factors of 2193340?
2, 5, 17, 6451
List the prime factors of 17549783.
17549783
List the prime factors of 2399336.
2, 181, 1657
What are the prime factors of 205984?
2, 41, 157
List the prime factors of 4047443.
29, 233, 599
List the prime factors of 719737.
233, 3089
What are the prime factors of 12269349?
3, 29, 1621
List the prime factors of 2949663.
3, 41, 23981
What are the prime factors of 27773124?
2, 3, 1237, 1871
List the prime factors of 23540.
2, 5, 11, 107
What are the prime factors of 301513?
29, 37, 281
List the prime factors of 5144144.
2, 321509
List the prime factors of 133365.
3, 5, 17, 523
What are the prime factors of 406487?
17, 23911
What are the prime factors of 5970652?
2, 773, 1931
List the prime factors of 420804.
2, 3, 11689
List the prime factors of 2406714.
2, 3, 401119
List the prime factors of 492989.
7, 10061
What are the prime factors of 936782?
2, 7, 11, 79
List the prime factors of 5121954.
2, 3, 1171
List the prime factors of 82268.
2, 131, 157
List the prime factors of 138160.
2, 5, 11, 157
List the prime factors of 19858909.
7, 307, 9241
List the prime factors of 9697548.
2, 3, 7, 17, 6791
What are the prime factors of 786669?
3, 13, 23, 877
What are the prime factors of 569556?
2, 3, 13, 1217
List the prime factors of 964927.
964927
List the prime factors of 2472084.
2, 3, 68669
What are the prime factors of 39232?
2, 613
What are the prime factors of 1657288?
2, 23, 9007
List the prime factors of 428989.
11, 59, 661
What are the prime factors of 1152315?
3, 5, 29, 883
List the prime factors of 232666.
2, 7, 16619
What are the prime factors of 200026?
2, 103, 971
What are the prime factors of 150883?
150883
List the prime factors of 6897017.
1481, 4657
What are the prime factors of 1317469?
31, 42499
List the prime factors of 13319767.
191, 69737
What are the prime factors of 10926?
2, 3, 607
What are the prime factors of 4126383?
3, 16981
What are the prime factors of 310575?
3, 5, 41, 101
What are the prime factors of 691718?
2, 349, 991
List the prime factors of 502245.
3, 5, 11161
What are the prime factors of 10504512?
2, 3, 6079
List the prime factors of 1132314.
2, 3, 188719
What are the prime factors of 13676091?
3, 11, 13, 71, 449
What are the prime factors of 567231?
3, 7, 27011
What are the prime factors of 152014?
2, 17, 263
What are the prime factors of 72472?
2, 9059
List the prime factors of 1009082.
2, 89, 5669
What are the prime factors of 414455?
5, 82891
List the prime factors of 19606789.
89, 220301
What are the prime factors of 3067832?
2, 23, 16673
What are the prime factors of 461209?
7, 41, 1607
List the prime factors of 257192.
2, 13, 2473
What are the prime factors of 1231464?
2, 3, 13, 3947
List the prime factors of 16168580.
2, 5, 173, 4673
List the prime factors of 1554168.
2, 3, 7, 11, 29
What are the prime factors of 339006?
2, 3, 56501
List the prime factors of 9448789.
7, 1349827
What are the prime factors of 37306?
2, 23, 811
List the prime factors of 409572.
2, 3, 31, 367
What are the prime factors of 19416991?
11, 23, 6977
What are the prime factors of 391680?
2, 3, 5, 17
What are the prime factors of 197294?
2, 23, 4289
What are the prime factors of 147627?
3, 47, 349
What are the prime factors of 1909908?
2, 3, 7, 11, 13, 53
List the prime factors of 205320.
2, 3, 5, 29, 59
List the prime factors of 22671679.
1663, 13633
List the prime factors of 904339.
53, 113, 151
What are the prime factors of 946167?
3, 315389
What are the prime factors of 1157034?
2, 3, 79, 2441
What are the prime factors of 6983623?
643, 10861
What are the prime factors of 2533757?
61, 73, 569
List the prime factors of 5045980.
2, 5, 157, 1607
List the prime factors of 18096514.
2, 97, 93281
What are the prime factors of 264974?
2, 19, 367
What are the prime factors of 301389?
3, 11, 9133
What are the prime factors of 1960209?
3, 353, 617
What are the prime factors of 6022565?
5, 79, 193
What are the prime factors of 3181815?
3, 5, 7, 13, 37
What are the prime factors of 154053?
3, 17117
List the prime factors of 20356085.
5, 4071217
List the prime factors of 21710740.
2, 5, 823, 1319
List the prime factors of 1329405.
3, 5, 7, 11, 1151
List the prime factors of 3861125.
5, 17, 23, 79
What are the prime factors of 6735246?
2, 3, 7, 31, 739
What are the prime factors of 3743225?
5, 149729
What are the prime factors of 1243607?
19, 29, 37, 61
List the prime factors of 316109.
316109
What are the prime factors of 3402586?
2, 11, 211, 733
List the prime factors of 256113.
3, 11, 13, 199
List the prime factors of 21288702.
2, 3, 19, 186743
What are the prime factors of 6413391?
3, 179, 1327
What are the prime factors of 571350?
2, 3, 5, 13, 293
What are the prime factors of 1948349?
13, 149873
What are the prime factors of 12005021?
7, 557, 3079
What are the prime factors of 294256?
2, 53, 347
What are the prime factors of 686850?
2, 3, 5, 19, 241
List the prime factors of 198625.
5, 7, 227
What are the prime factors of 82370?
2, 5, 8237
What are the prime factors of 428393?
7, 19, 3221
List the prime factors of 3659401.
3659401
List the prime factors of 259793.
239, 1087
List the prime factors of 11515058.
2, 5757529
List the prime factors of 276823.
276823
What are the prime factors of 245150?
2, 5, 4903
List the prime factors of 1835197.
7, 13, 43, 67
What are the prime factors of 759926?
2, 379963
What are the prime factors of 190507?
190507
What are the prime factors of 795585?
3, 5, 7, 7577
What are the prime factors of 2286236?
2, 101, 5659
List the prime factors of 1048529.
61, 17189
List the prime factors of 1549110.
2, 3, 5, 51637
List the prime factors of 153206.
2, 76603
List the prime factors of 784929.
3, 261643
List the prime factors of 1104.
2, 3, 23
What are the prime factors of 1781013?
3, 13, 45667
List the prime factors of 2702284.
2, 13, 157, 331
What are the prime factors of 1176013?
23, 51131
What are the prime factors of 20691523?
1381, 14983
What are the prime factors of 20695240?
2, 5, 517381
List the prime factors of 890710.
2, 5, 89071
List the prime factors of 11976562.
2, 13, 460637
List the prime factors of 20146.
2, 7, 1439
List the prime factors of 8044159.
31, 41, 6329
List the prime factors of 2631486.
2, 3, 11, 13, 3067
List the prime factors of 407090.
2, 5, 40709
What are the prime factors of 284189?
17, 73, 229
List the prime factors of 88235.
5, 7, 2521
List the prime factors of 179653.
23, 73, 107
What are the prime factors of 222115?
5, 31, 1433
List the prime factors of 2205492.
2, 3, 239, 769
List the prime factors of 53498.
2, 23, 1163
List the prime factors of 1322322.
2, 3, 73, 3019
List the prime factors of 157350.
2, 3, 5, 1049
What are the prime factors of 9098745?
3, 5, 107, 5669
List the prime factors of 1203068.
2, 167, 1801
What are the prime factors of 676982?
2, 23, 14717
What are the prime factors of 263396?
2, 7, 23, 409
What are the prime factors of 851229?
3, 31, 113
List the prime factors of 4037116.
2, 53, 137, 139
List the prime factors of 279232.
2, 4363
List the prime factors of 969347.
969347
What are the prime factors of 16433?
16433
List the prime factors of 511076.
2, 67, 1907
List the prime factors of 684583.
503, 1361
List the 